 110. What is the remainder when q is divided by d(99)?
10
Suppose 173*a - 48*a = -24*a + 25926. What is the remainder when a is divided by 27?
12
Let j = 932 + -930. Suppose -4*o + 11*g + 64 = 6*g, -32 = -j*o - 5*g. What is the remainder when o is divided by 5?
1
Let z(v) = -2*v + 26. Let u be z(-6). Suppose -2*w = 10, 3*n - w - 3*w = u. Let l = n - -142. What is the remainder when l is divided by 38?
34
Let w(x) = 6*x + 5. Let v = 4 - -16. Calculate the remainder when w(6) is divided by v.
1
Suppose 7*g + 6 = 6*g. Let i be g/(-2) + -5 + -49. Let q = 59 + i. Calculate the remainder when 29 is divided by q.
5
Let l(p) = -p**3 + 2*p. Let n be l(0). Let k be ((n/(-2))/(4 + -5))/2. Suppose -3*r - 6 + 45 = k. What is the remainder when 38 is divided by r?
12
Calculate the remainder when 15851 is divided by 111/(-259) + 156/21.
3
Suppose -12*y + 122894 = 122318. Suppose 4*t - 1138 = -2*i, 2*t - 4*i = -0*i + 584. What is the remainder when t is divided by y?
46
Let f(j) = -11*j**3 + 4*j**2 + 12*j + 203. What is the remainder when f(-7) is divided by 141?
140
Suppose -15*p = 251 - 911. Suppose 0 = -b - b - 2*i + 336, 3*i = -5*b + 848. What is the remainder when b is divided by p?
40
What is the remainder when 10948 is divided by 3/(-3) - 7 - (1 + -1067)/13?
70
Let p be (50/35)/((-70)/(-196)). Suppose 3*n - 252 = -n - 4*j, -j = -5*n + 327. What is the remainder when n is divided by (-42)/(24/p) + 24?
14
Suppose -a + 5*a + 13 = 3*s, -3 = 2*s - 5*a. Suppose -g = -3*n + 59, 2*n + 5*g + s = 39. What is the remainder when 90 is divided by n?
14
Let t(g) = -g**2 + 25*g + 54. Let i be t(27). Suppose -9*m + 10 + 629 = i. Calculate the remainder when m is divided by 27.
17
Suppose 2*r - 42 = -4*t, -39*t + 43*t = r - 33. Let g be (1 - 4) + (35 - 0). Let k = 79 - g. What is the remainder when k is divided by r?
22
Let s(y) = 4*y - 10. Let o be s(4). Suppose h - 95 = o*h. Let l = h - -35. What is the remainder when 28 is divided by l?
12
Let w be -1 + 1 + 1 + 2. What is the remainder when 1*(w - -78) - -4 is divided by 24?
13
Suppose -45*x - 108 = -47*x + 4*g, -g = 3*x - 134. Calculate the remainder when 906 is divided by x.
32
Let n(u) = 195*u**2 - 5*u + 1. Let t be n(1). Suppose -2*l + 23 = t. Calculate the remainder when -4*(4/(-14) + 3504/l) is divided by 43.
39
Suppose -34*m = 14*m - 300 - 1140. What is the remainder when 539 is divided by m?
29
Let d = -342 + 347. Suppose 0 = -2*y - p + 57, -11*y + 9*y - d*p = -77. Calculate the remainder when 205 is divided by y.
23
Let a = -121 - -181. Suppose -3*b = 0, -3*z + 2*b + 12 = 5*b. Suppose z*x - 72 = a. What is the remainder when x is divided by 18?
15
Let n = -63 - -75. Suppose 57 = 15*y - n*y. Suppose -5*f + 255 = -115. What is the remainder when f is divided by y?
17
Let s(j) = -2*j**3 + 3*j**2 + 3*j - 3. Let m be s(3). Let f = m - -20. What is the remainder when 63 is divided by 13 + 0 - (-3 - 1 - f)?
15
Let h be 6/16 - 121/88 - -5. Suppose 28 = -21*m + 22*m + s, 0 = -5*m - h*s + 145. Calculate the remainder when m is divided by 6.
3
Let s(n) = 4*n**3 - 3*n**2 + 2*n - 12. Let p be s(3). Suppose 13*x = 10*x + p. Calculate the remainder when x is divided by 19.
6
Suppose 7*s - 6*s = 4*n + 1, 0 = -4*n - 4*s + 4. Let r(m) = 27*m + 87. Let u = 16 - -2. What is the remainder when r(n) is divided by u?
15
Suppose 0 = -73*c + 17863 - 2168. Calculate the remainder when 872 is divided by c.
12
Suppose -5*u - 3*i = 65, -5*u + 5*i - 45 = 4*i. Calculate the remainder when 77 is divided by (48/10)/(-1 + (-13)/u).
13
Let b(l) = 35*l - 1211. What is the remainder when 825 is divided by b(36)?
41
Let w(b) = b**3 + 103*b**2 - 6*b - 208. What is the remainder when w(-103) is divided by 35?
25
What is the remainder when ((-841)/2)/(6/(-78) - (-36)/(-208)) is divided by 156?
122
Let q(c) = 102*c**2 + 65*c - 8. Calculate the remainder when q(2) is divided by 9.
8
Suppose -4*g + 12 = 2*z, 0 = -5*g - 37*z + 39*z + 33. Calculate the remainder when 8 is divided by g.
3
Suppose 511 = 16*t - 4385. Calculate the remainder when t is divided by 4.
2
Let m(f) = -f**3 - 104*f**2 - 589*f - 21. Calculate the remainder when 286 is divided by m(-98).
55
Let r(y) = -2*y**3 - 19*y**2 - 15*y - 21. Suppose 5*p = -4*k + 52, 5*k + 10*p - 14*p = 106. Calculate the remainder when r(-9) is divided by k.
15
Let w(x) = 10*x**2 + 5*x + 3. Let l(r) = 17*r**2 + 51*r + 1. Let b be l(-3). What is the remainder when 48 is divided by w(b)?
12
Let t be ((-15093)/(-3))/3*2/(-6). Let x = t - -628. Suppose -2*q - 2*c - 2*c = -4, -38 = -4*q - 2*c. Calculate the remainder when x is divided by q.
9
Calculate the remainder when 50 is divided by ((-51)/(-6))/((-39)/(-78)).
16
Let c = 10254 + -10219. What is the remainder when 258 is divided by c?
13
Let k = -848 - -1268. Suppose 0 = -19*o + 7*o + k. What is the remainder when o is divided by 7?
0
Let r = -2012 + -828. Calculate the remainder when 4 + (r/(-18) - (-2)/9) is divided by 56.
50
Let p(o) = -103*o + 2. Let f be p(-4). Suppose 0 = -9*s + 256 - 193. Suppose -s*v + v = -f. Calculate the remainder when v is divided by 20.
9
Suppose k + 5*c - 93 = 0, 12*k - 7*k - 3*c = 549. Suppose k = 16*g - 372. What is the remainder when 208 is divided by g?
28
Calculate the remainder when ((1 + -138)/(-11 + 14))/(6/(-72)) is divided by 110.
108
Suppose 6*m = -13 - 161. Let j = -9 - m. Suppose 4*p = -2*k + 128, -4*k - p + 284 = -0*p. Calculate the remainder when k is divided by j.
12
Let x(r) = -2*r**2 + 39*r + 15. Let c be x(16). Suppose -c*v + 125*v = -36. Calculate the remainder when 35 is divided by v.
17
What is the remainder when 1474 is divided by 85/255*(1 + -4)*-1*19?
11
Suppose 11*a - 1883 = -585. What is the remainder when 424 is divided by a?
70
Let j(l) = 4*l - 43. Let v be j(-33). Let n = v - -190. Calculate the remainder when 41 is divided by n.
11
Suppose q = -2*q + 96. Let r = q - -20. Calculate the remainder when r is divided by 14/(-63)*60/(-10)*27/2.
16
Let y(q) = 9*q**2 - 27*q + 79. What is the remainder when y(5) is divided by 6/2 + 5 + 35?
40
Let c(x) = 30*x**2 - 20*x - 11. What is the remainder when 281 is divided by c(-1)?
8
Let m = 14049 + -13780. What is the remainder when 1050 is divided by m?
243
Suppose 2*s + 38 = u, -2*s = 4*u - 101 - 61. Let x be -9*3/(9/5). Let f = u + x. What is the remainder when 74 is divided by f?
24
Suppose -38*u + 45*u = 28*u - 252. What is the remainder when 705 is divided by u?
9
Suppose -5*i = -x - 3*x + 150, -2*i = -x + 60. Let d = 33 + i. What is the remainder when (-2)/d - (-203)/21 is divided by 2?
1
Suppose -3*b + 28 = -5*o, 4*o = 4*b - 8 - 16. Let c = -20 + 37. What is the remainder when (-1)/b - (-8 - 60) is divided by c?
16
Suppose 8*z = 73 - 1. Let b(o) = 6*o + 141. What is the remainder when b(z) is divided by 49?
48
Let t be 3 + (-77)/(-28) + (-2)/(-8). Suppose t*j - 25 = 2*j + 5*b, -15 = -4*j - 5*b. Suppose -2*l = j*l - 98. Calculate the remainder when 38 is divided by l.
10
Let h = -56 - -59. Let l(z) = -17*z + 2*z + 8*z**2 + 3 + z**h - 3*z + 7*z. What is the remainder when l(-9) is divided by 5?
1
Let p(g) = 433*g - 3. Let y be p(1). Suppose 3*n - y + 178 = 0. Suppose -214 = -10*r - n. Calculate the remainder when 25 is divided by r.
12
Let l be 6/9*2289/(-14)*-2. Let q = l + -192. What is the remainder when q is divided by 4?
2
Suppose 0 = -g - 4 - 9. Let m = 57 + g. Suppose m = 3*z - 4. What is the remainder when 30 is divided by z?
14
Suppose 17*a + 5068 = -11*a. Let l = 202 + a. What is the remainder when 33 is divided by l?
12
Let p(x) = 16*x + 2548. Calculate the remainder when p(-65) is divided by 54.
50
Let w = 32195 + -30691. What is the remainder when w is divided by 168?
160
Let a = 11 - 7. Let w(x) = 5*x - 11675825*x**2 + 2*x - 4*x - 5 + 11675828*x**2. Calculate the remainder when w(a) is divided by 14.
13
Let s(b) = 1819*b**2 - 158*b - 154. What is the remainder when s(-1) is divided by 307?
288
Suppose 0 = 5*n - 210 + 65. Let a(o) = -31*o - 229. Calculate the remainder when a(-12) is divided by n.
27
What is the remainder when 21/(147/1036)*14 is divided by 80?
72
Let y(g) = -3*g - 29. Let c be y(-9). Let p = 39 - c. Calculate the remainder when 80 is divided by p.
39
Suppose 35894 = 182*l - 3418. Calculate the remainder when l is divided